remainder when 3327 is divided by 15?
12
Calculate the remainder when 167 is divided by 7.
6
Calculate the remainder when 1619 is divided by 36.
35
Calculate the remainder when 72 is divided by 32.
8
Calculate the remainder when 165 is divided by 58.
49
What is the remainder when 119 is divided by 32?
23
What is the remainder when 2223 is divided by 42?
39
Calculate the remainder when 9243 is divided by 201.
198
What is the remainder when 188 is divided by 55?
23
What is the remainder when 17951 is divided by 187?
186
What is the remainder when 748 is divided by 15?
13
Calculate the remainder when 825 is divided by 22.
11
Calculate the remainder when 712 is divided by 141.
7
Calculate the remainder when 138 is divided by 56.
26
Calculate the remainder when 272 is divided by 9.
2
What is the remainder when 516 is divided by 11?
10
What is the remainder when 153 is divided by 26?
23
What is the remainder when 180 is divided by 65?
50
Calculate the remainder when 835 is divided by 414.
7
Calculate the remainder when 10594 is divided by 12.
10
Calculate the remainder when 388 is divided by 133.
122
Calculate the remainder when 9 is divided by 3.
0
Calculate the remainder when 828 is divided by 273.
9
What is the remainder when 1289 is divided by 87?
71
Calculate the remainder when 2722 is divided by 544.
2
Calculate the remainder when 211 is divided by 73.
65
Calculate the remainder when 483 is divided by 22.
21
Calculate the remainder when 141 is divided by 76.
65
What is the remainder when 154 is divided by 73?
8
What is the remainder when 175 is divided by 20?
15
What is the remainder when 2547 is divided by 10?
7
What is the remainder when 357 is divided by 45?
42
What is the remainder when 495 is divided by 158?
21
Calculate the remainder when 376 is divided by 65.
51
Calculate the remainder when 34 is divided by 5.
4
What is the remainder when 279 is divided by 26?
19
Calculate the remainder when 311 is divided by 86.
53
What is the remainder when 232 is divided by 48?
40
Calculate the remainder when 1210 is divided by 12.
10
Calculate the remainder when 32446 is divided by 39.
37
What is the remainder when 335 is divided by 14?
13
What is the remainder when 806 is divided by 273?
260
What is the remainder when 222 is divided by 70?
12
What is the remainder when 179 is divided by 57?
8
What is the remainder when 72 is divided by 45?
27
Calculate the remainder when 78 is divided by 40.
38
What is the remainder when 201 is divided by 105?
96
Calculate the remainder when 1199 is divided by 16.
15
Calculate the remainder when 94 is divided by 24.
22
Calculate the remainder when 471 is divided by 158.
155
Calculate the remainder when 4186 is divided by 349.
347
Calculate the remainder when 349 is divided by 123.
103
What is the remainder when 228 is divided by 113?
2
What is the remainder when 156 is divided by 88?
68
What is the remainder when 1945 is divided by 11?
9
Calculate the remainder when 310 is divided by 26.
24
Calculate the remainder when 186 is divided by 60.
6
Calculate the remainder when 738 is divided by 25.
13
What is the remainder when 144 is divided by 30?
24
What is the remainder when 246 is divided by 118?
10
Calculate the remainder when 2767 is divided by 13.
11
Calculate the remainder when 356 is divided by 110.
26
Calculate the remainder when 90 is divided by 13.
12
Calculate the remainder when 431 is divided by 19.
13
What is the remainder when 1284 is divided by 86?
80
Calculate the remainder when 26115 is divided by 41.
39
Calculate the remainder when 420 is divided by 39.
30
Calculate the remainder when 880 is divided by 872.
8
Calculate the remainder when 16 is divided by 14.
2
Calculate the remainder when 313 is divided by 80.
73
What is the remainder when 142 is divided by 24?
22
Calculate the remainder when 290 is divided by 76.
62
What is the remainder when 210 is divided by 48?
18
What is the remainder when 80 is divided by 14?
10
What is the remainder when 3407 is divided by 11?
8
Calculate the remainder when 291 is divided by 52.
31
What is the remainder when 65 is divided by 22?
21
Calculate the remainder when 164 is divided by 24.
20
What is the remainder when 169 is divided by 23?
8
Calculate the remainder when 231 is divided by 62.
45
Calculate the remainder when 115 is divided by 31.
22
Calculate the remainder when 519 is divided by 171.
6
What is the remainder when 217 is divided by 30?
7
Calculate the remainder when 250 is divided by 75.
25
Calculate the remainder when 28 is divided by 6.
4
What is the remainder when 379 is divided by 38?
37
Calculate the remainder when 948 is divided by 60.
48
What is the remainder when 10648 is divided by 67?
62
What is the remainder when 926 is divided by 7?
2
Calculate the remainder when 1049 is divided by 40.
9
Calculate the remainder when 56 is divided by 24.
8
What is the remainder when 117 is divided by 9?
0
What is the remainder when 25267 is divided by 7?
4
What is the remainder when 738 is divided by 57?
54
What is the remainder when 61 is divided by 38?
23
What is the remainder when 291 is divided by 39?
18
Calculate the remainder when 482 is divided by 49.
41
What is the remainder when 215 is divided by 89?
37
Calculate the remainder when 1153 is divided by 169.
139
Calculate the remainder when 1135 is divided by 17.
13
Calculate the remainder when 1999 is divided by 182.
179
What is the remainder when 214 is divided by 75?
64
What is the remainder when 235 is divided by 121?
114
Calculate the remainder when 1660 is divided by 207.
4
Calculate the remainder when 10 is divided by 5.
0
Calculate the remainder when 83 is divided by 42.
41
Calculate the remainder when 113 is divided by 37.
2
What is the remainder when 223 is divided by 57?
52
Calculate the remainder when 841 is divided by 41.
21
What is the remainder when 50 is divided by 9?
5
Calculate the remainder when 626 is divided by 30.
26
What is the remainder when 198 is divided by 49?
2
Calculate the remainder when 16612 is divided by 18.
16
What is the remainder when 692 is divided by 265?
162
What is the remainder when 325 is divided by 68?
53
What is the remainder when 94 is divided by 24?
22
What is the remainder when 2053 is divided by 52?
25
Calculate the remainder when 261 is divided by 81.
18
What is the remainder when 136 is divided by 75?
61
What is the remainder when 36 is divided by 6?
0
Calculate the remainder when 147 is divided by 22.
15
What is the remainder when 2339 is divided by 12?
11
Calculate the remainder when 152 is divided by 147.
5
What is the remainder when 151 is divided by 53?
45
What is the remainder when 401 is divided by 267?
134
Calculate the remainder when 38 is divided by 10.
8
What is the remainder when 303 is divided by 44?
39
What is the remainder when 95 is divided by 20?
15
What is the remainder when 1279 is divided by 61?
59
What is the remainder when 478 is divided by 20?
18
What is the remainder when 2979 is divided by 990?
9
Calculate the remainder when 646 is divided by 36.
34
What is the remainder when 555 is divided by 29?
4
What is the remainder when 381 is divided by 28?
17
Calculate the remainder when 3496 is divided by 159.
157
What is the remainder when 48 is divided by 32?
16
Calculate the remainder when 3059 is divided by 1526.
7
Calculate the remainder when 353 is divided by 23.
8
Calculate the remainder when 49 is divided by 25.
24
Calculate the remainder when 296 is divided by 30.
26
Calculate the remainder when 66 is divided by 36.
30
Calculate the remainder when 773 is divided by 25.
23
What is the remainder when 38 is divided by 17?
4
Calculate the remainder when 954 is divided by 79.
6
Calculate the remainder when 1253 is divided by 19.
18
Calculate the remainder when 246 is divided by 168.
78
What is the remainder when 163 is divided by 3?
1
Calculate the remainder when 221 is divided by 211.
10
What is the remainder when 423 is divided by 214?
209
Calculate the remainder when 805 is divided by 191.
41
What is the remainder when 1610 is divided by 398?
18
What is the remainder when 211 is divided by 92?
27
Calculate the remainder when 58 is divided by 7.
2
Calculate the remainder when 70 is divided by 44.
26
What is the remainder when 5